- (-70)/1 is divided by 18.
17
Suppose -3*u - 40 = -7*u. Let i = 0 + u. Calculate the remainder when 39 is divided by i.
9
Suppose 50 = -0*x + 5*x. Let t be (-4)/8 - (-11)/2. Suppose -54 = -t*l + 2*l. What is the remainder when l is divided by x?
8
Suppose -5*n + 6 = 2*l, 0 = -3*l - 0*l - 5*n + 19. Suppose -39 = -8*y + 25. What is the remainder when l is divided by y?
5
Let d = -16 + 29. Calculate the remainder when 24 is divided by d.
11
Let b = 61 - 46. Calculate the remainder when 43 is divided by b.
13
Suppose -2*z = z - 33. Suppose -21 = -5*l + 8*l. Let m(p) = -p**2 - 8*p - 3. Calculate the remainder when z is divided by m(l).
3
Suppose -162 = -0*d - 3*d + 3*j, 2*j = -3*d + 172. Calculate the remainder when d is divided by 19.
18
Let t = 168 - 57. What is the remainder when t is divided by 38?
35
Let x(n) = 2*n**2 + 12*n + 10. What is the remainder when x(-10) is divided by 23?
21
Suppose 0 = -3*n - 2*y + 19, -6 = -4*n + y + 1. Calculate the remainder when 8 is divided by n.
2
Calculate the remainder when 61 is divided by ((-720)/100)/(6/(-20)).
13
Let m = 2 - -5. Suppose g - 5*o = -3*g + 38, 5*g - 2*o - 39 = 0. Let n = g + m. Calculate the remainder when 40 is divided by n.
12
Let n = 15 + -4. What is the remainder when n is divided by 6?
5
Let j = -17 - -32. Suppose i - j = 3*a + 4*i, 0 = -2*a - 3*i - 11. Calculate the remainder when 11 is divided by (1/(-1))/(1/a).
3
Suppose 4*r - 17 = 2*r + j, 4*r + 5*j = 69. Suppose 0 = -0*c + 2*c - 42. Calculate the remainder when c is divided by r.
10
Let v = 14 - 8. Suppose -4*p + 121 = i, p = v*p + 3*i - 153. Let z = p - 21. Calculate the remainder when 16 is divided by z.
7
Let j(w) = 2*w - 13. Let q(x) = -4*x + 27. Let z(n) = 5*j(n) + 2*q(n). Let u be z(8). Suppose u*v - 35 = 35. What is the remainder when 27 is divided by v?
13
Let v = -46 + -13. Let n = 113 + v. Let m = -7 + n. Calculate the remainder when m is divided by 16.
15
Suppose -h = 4*h - 105. Suppose 5*k = -4*o + 48, -6*k + 3*o + 26 = -2*k. Calculate the remainder when h is divided by k.
5
Calculate the remainder when (9/(-3))/(-1)*10 is divided by 17.
13
Let s = 50 + -17. Let t = 56 - s. Suppose -4*z = 3*r - t, r + r = 5*z. What is the remainder when r is divided by 3?
2
Suppose -u + 2 = -4. Suppose u*p - 2*p = 36. Calculate the remainder when 16 is divided by p.
7
Suppose 0*r - r = -20. Suppose 4*i + r = -5*l, -25 = 4*l - 0*i + 5*i. Suppose 4*d - 6*h + h + 3 = 0, d - h = l. What is the remainder when 5 is divided by d?
2
Suppose 2*i = 2*a - 0*i - 8, 5*i = -5*a + 20. Calculate the remainder when a is divided by 2.
0
Let d(s) = s + 1. Let k be d(4). Suppose u = k*u - 28. Calculate the remainder when 18 is divided by u.
4
Let l(a) = -7*a - 3. What is the remainder when 52 is divided by l(-3)?
16
Suppose -4*k = 21 + 3. Let a(q) = -2*q - 8. Let w be a(k). Suppose -2*v + v = -w*h + 163, h + 3*v = 31. What is the remainder when h is divided by 14?
12
Suppose -20 = -z + 5*d, 2*d = 6*z - 2*z - 44. What is the remainder when ((-78)/5)/((-8)/20) is divided by z?
9
Suppose 2*h - 81 = n, 2*n + 3*n - 25 = 0. What is the remainder when 128 is divided by h?
42
Let o(i) = -4*i + 42. What is the remainder when 33 is divided by o(9)?
3
Suppose -s = s - 8. Suppose -4*j + 3 = s*r - 121, 3*j - 5*r = 85. Calculate the remainder when j is divided by 11.
8
Let v(l) = -7*l - 20. Calculate the remainder when 27 is divided by v(-5).
12
Let t = -1 + 4. Let d(x) = 2*x**2 - 4*x - 1. What is the remainder when 14 is divided by d(t)?
4
Let l(h) = 3*h + 4. Let u be l(-6). Let n be 4/u - 36/21. Calculate the remainder when 36 + (n + 0 - -1) is divided by 12.
11
Let n(q) = -q**2 - 14*q + 2. Calculate the remainder when n(-6) is divided by 26.
24
Let r be (1 - 11)/(2/(-6)). Suppose 19 + 23 = 3*z - b, -3*z + 5*b + r = 0. What is the remainder when 42*1 - (-1 + 0) is divided by z?
13
Let g(u) = 6*u + 1. Suppose -2*w + 20 = 4*y, -5*y = 2*w + 2*w - 31. Suppose -z = w*z - 10. What is the remainder when 51 is divided by g(z)?
12
Suppose -3*h + 96 = -2*j, 25 + 17 = h - 4*j. Calculate the remainder when 118 is divided by h.
28
Suppose 14*q = 12*q + 30. Calculate the remainder when q is divided by 9.
6
Suppose 70 - 270 = -5*c. Suppose -2*r = 2*r - c. Let p = -19 - -47. Calculate the remainder when p is divided by r.
8
Let w = -10 + 13. Let f = w - -6. What is the remainder when 33 is divided by f?
6
Let k = 4 + -14. Let o = k + 19. Calculate the remainder when 24 is divided by o.
6
Let x be 280/6 + 8/(-12). Suppose 2*s - x = -3*m + 9, -4*m - 3*s = -73. Suppose k + 3*w = 43, k + w + 183 = 6*k. What is the remainder when k is divided by m?
18
Let l = 6 + -4. Let j(x) = x**2 - 2*x + 3. Let z be j(l). Suppose 2*r + z*h - 24 = -0*h, -3*r - h + 29 = 0. Calculate the remainder when 17 is divided by r.
8
Let l = 13 - -19. What is the remainder when l is divided by 11?
10
Let s = 21 - 8. Let d = s + 1. What is the remainder when 39 is divided by d?
11
Suppose -21 = 6*q - 7*q. Let g(m) = -14*m - 9. Calculate the remainder when g(-8) is divided by q.
19
Suppose -4*u + 3 = -3*m, 2*m - u = 4 - 1. Suppose 2*v - m*v + 4*s + 11 = 0, 0 = 3*v - 2*s - 33. Calculate the remainder when 19 is divided by v.
8
Suppose 62*u - 66*u = -472. Calculate the remainder when u is divided by 17.
16
Let h be (-33)/(-7) + 8/28. Let k = h + 0. Calculate the remainder when k is divided by 3.
2
What is the remainder when 61 is divided by ((-2)/(-6))/(1/102) - 3?
30
Let l = 5 - 5. Suppose l = 6*z - 3*z - 33. Calculate the remainder when z is divided by 3.
2
Let w(z) = 7*z**3 - 4*z + 3. Let y be w(2). Let h be (-1)/2 - y/(-6). Suppose 4*s - h = 8. Calculate the remainder when s is divided by 2.
0
Suppose -1 = j - 3. Let i(k) = k**3 - 4*k**2 - 2*k - 2. Let h be i(4). Let t = h - -12. What is the remainder when t is divided by j?
0
Suppose 3*a - 3*x = -4*x + 51, -4*a - 4*x + 60 = 0. Suppose 6*z + 8 = 2*v + 3*z, -5*v - 26 = 4*z. Calculate the remainder when (28/8)/(v/(-20)) is divided by a.
17
Let q be 24*-1 + 3 + -2. Let c be -34 - 1 - (1 - 1). Let l = q - c. Calculate the remainder when 34 is divided by l.
10
Let w(j) be the first derivative of 7*j**2/2 - 10*j - 1. What is the remainder when w(5) is divided by 7?
4
Suppose 13*c = 9*c + 164. What is the remainder when c is divided by 14?
13
Let p(i) = i**2 + i + 46. Suppose -35*z + 37*z - 30 = -2*k, 4*z - 42 = 2*k. What is the remainder when p(0) is divided by z?
10
Let q = -13 + 17. Suppose q*w = 87 + 77. What is the remainder when w is divided by 11?
8
Suppose -25 = -2*w + 73. Let m(s) = s**3 + 10*s**2 - 11*s + 25. What is the remainder when w is divided by m(-11)?
24
Let v(u) = 2*u**2 + 28*u - 1. Suppose 4*t + 28 = 3*b, 2*t + 9 + 29 = 3*b. What is the remainder when v(-15) is divided by b?
13
Suppose 3*b = 3*l + 63, 4*l + 75 = -4*b - b. Let j = -7 - l. What is the remainder when 904/24 + 2/6 is divided by j?
12
Let n = -57 + 63. Calculate the remainder when 22 is divided by n.
4
Let u = -3 + 2. Suppose 4*q = -15 + 115. What is the remainder when q is divided by (-35)/(-4) + u/(-4)?
7
Suppose -t = 72 - 447. What is the remainder when t is divided by 54?
51
Let h(q) = 8*q. Let n be h(-2). What is the remainder when 7 is divided by 4/n + (-21)/(-4)?
2
Let y(z) = z + 5. Let a be y(0). Suppose 0 + 20 = a*t. Suppose 0 = 4*g - 0*g - 44. What is the remainder when g is divided by t?
3
Suppose -g = -0*g - 6. Calculate the remainder when 23 is divided by g.
5
Suppose 0*g + 11 = g. Suppose 0 = 2*a - 14. Calculate the remainder when g is divided by a.
4
Suppose 0 = -n - n + 14. Suppose 2*a + 10 = 0, 0 = -2*z - a + 5 - 2. Calculate the remainder when n is divided by z.
3
Suppose 6*v - 4*v - 40 = 0. Calculate the remainder when 35 is divided by v.
15
Let l(a) = 28*a**3 - a + 1. Let n be l(1). Suppose -1 = t - n. Calculate the remainder when t is divided by 15.
12
Suppose 6 = -3*u + 18. Let h(c) be the third derivative of c**6/120 - c**5/30 - c**4/8 - 2*c**3/3 + c**2. Calculate the remainder when h(u) is divided by 6.
4
Let x(p) = p**2 + 11*p - 11. Let a be x(-15). Let o = a - -18. Calculate the remainder when o is divided by 17.
16
Suppose 0 = -2*h + h + 9. What is the remainder when 16 is divided by h?
7
Let i(n) = -2*n + 19. What is the remainder when i(-10) is divided by